{"version":"1.0","provider_name":"Maritime, Aerospace, Renewable Energies Technology Cluster FVG","provider_url":"https:\/\/www.marefvg.it\/en\/","title":"Next Maritime Technology Day 2017 - Maritime, Aerospace, Renewable Energies Technology Cluster FVG","type":"rich","width":600,"height":338,"html":"<blockquote class=\"wp-embedded-content\" data-secret=\"YDQKPSQhJA\"><a href=\"https:\/\/www.marefvg.it\/en\/nmtr\/next-maritime-technology-day-2017\/\">Next Maritime Technology Day 2017<\/a><\/blockquote><iframe sandbox=\"allow-scripts\" security=\"restricted\" src=\"https:\/\/www.marefvg.it\/en\/nmtr\/next-maritime-technology-day-2017\/embed\/#?secret=YDQKPSQhJA\" width=\"600\" height=\"338\" title=\"&#8220;Next Maritime Technology Day 2017&#8221; &#8212; Maritime, Aerospace, Renewable Energies Technology Cluster FVG\" data-secret=\"YDQKPSQhJA\" frameborder=\"0\" marginwidth=\"0\" marginheight=\"0\" scrolling=\"no\" class=\"wp-embedded-content\"><\/iframe><script type=\"text\/javascript\">\n\/* <![CDATA[ *\/\n\/*! This file is auto-generated *\/\n!function(d,l){\"use strict\";l.querySelector&&d.addEventListener&&\"undefined\"!=typeof URL&&(d.wp=d.wp||{},d.wp.receiveEmbedMessage||(d.wp.receiveEmbedMessage=function(e){var t=e.data;if((t||t.secret||t.message||t.value)&&!\/[^a-zA-Z0-9]\/.test(t.secret)){for(var s,r,n,a=l.querySelectorAll('iframe[data-secret=\"'+t.secret+'\"]'),o=l.querySelectorAll('blockquote[data-secret=\"'+t.secret+'\"]'),c=new RegExp(\"^https?:$\",\"i\"),i=0;i<o.length;i++)o[i].style.display=\"none\";for(i=0;i<a.length;i++)s=a[i],e.source===s.contentWindow&&(s.removeAttribute(\"style\"),\"height\"===t.message?(1e3<(r=parseInt(t.value,10))?r=1e3:~~r<200&&(r=200),s.height=r):\"link\"===t.message&&(r=new URL(s.getAttribute(\"src\")),n=new URL(t.value),c.test(n.protocol))&&n.host===r.host&&l.activeElement===s&&(d.top.location.href=t.value))}},d.addEventListener(\"message\",d.wp.receiveEmbedMessage,!1),l.addEventListener(\"DOMContentLoaded\",function(){for(var e,t,s=l.querySelectorAll(\"iframe.wp-embedded-content\"),r=0;r<s.length;r++)(t=(e=s[r]).getAttribute(\"data-secret\"))||(t=Math.random().toString(36).substring(2,12),e.src+=\"#?secret=\"+t,e.setAttribute(\"data-secret\",t)),e.contentWindow.postMessage({message:\"ready\",secret:t},\"*\")},!1)))}(window,document);\n\/\/# sourceURL=https:\/\/www.marefvg.it\/wp-includes\/js\/wp-embed.min.js\n\/* ]]> *\/\n<\/script>\n","thumbnail_url":"https:\/\/www.marefvg.it\/wp-content\/uploads\/2024\/08\/TriesteNext_Logo-bianco.png","thumbnail_width":1018,"thumbnail_height":1116,"description":"mareFVG \u00e8 stato uno dei protagonisti di Trieste Next 2017, il festival della ricerca scientifica, che quell\u2019anno \u00e8 stato dedicato al tema del mare. Il cluster \u00e8 stato presente con tre attivit\u00e0 che ne hanno sottolineato il ruolo chiave nel panorama della ricerca sul mare e del settore navale: uno di questi \u00e8 stato un [&hellip;]"}

mareFVG è stato uno dei protagonisti di Trieste Next 2017, il festival della ricerca scientifica, che quell’anno è stato dedicato al tema del mare. Il cluster è stato presente con tre attività che ne hanno sottolineato il ruolo chiave nel panorama della ricerca sul mare e del settore navale: uno di questi è stato un [&hellip;]
